57?
False
Is 39 a factor of 338?
False
Is 21 a factor of 91531?
False
Is 819 a multiple of 13?
True
Is 10 a factor of 1008?
False
Is 9 a factor of 21159?
True
Is 203 a factor of 43472?
False
Is 8 a factor of 135?
False
Is 21 a factor of 4901?
False
Is 6 a factor of 1404?
True
Is 15 a factor of 235?
False
Is 7810 a multiple of 142?
True
Is 337 a factor of 39140?
False
Does 32 divide 28935?
False
Is 5 a multiple of 2?
False
Is 894 a multiple of 15?
False
Is 1532 a multiple of 49?
False
Is 23 a factor of 1104?
True
Is 35 a factor of 2034?
False
Does 58 divide 72728?
False
Does 36 divide 1188?
True
Does 12 divide 1680?
True
Does 209 divide 26951?
False
Is 108 a factor of 432?
True
Is 85078 a multiple of 26?
False
Is 13 a factor of 6843?
False
Is 24 a factor of 374?
False
Is 73 a factor of 12556?
True
Is 27 a factor of 432?
True
Is 2 a factor of 6?
True
Is 130 a factor of 23250?
False
Does 41 divide 287?
True
Is 25 a factor of 2629?
False
Does 20 divide 38?
False
Is 18 a factor of 2258?
False
Is 17 a factor of 64039?
True
Is 7348 a multiple of 44?
True
Does 16 divide 439?
False
Is 644 a multiple of 28?
True
Is 72 a multiple of 36?
True
Does 12 divide 984?
True
Is 4731 a multiple of 27?
False
Is 67 a factor of 2420?
False
Is 1168 a multiple of 16?
True
Does 40 divide 1543?
False
Does 70 divide 49145?
False
Is 41 a factor of 3386?
False
Does 3 divide 645?
True
Is 13 a factor of 590?
False
Is 14 a factor of 224?
True
Is 1400 a multiple of 50?
True
Is 52 a factor of 1352?
True
Does 10 divide 130?
True
Is 50 a factor of 85364?
False
Does 10 divide 507?
False
Does 32 divide 4096?
True
Does 71 divide 3195?
True
Does 10 divide 80?
True
Is 9 a factor of 2394?
True
Is 26 a factor of 1066?
True
Is 16549 a multiple of 13?
True
Is 24386 a multiple of 137?
True
Is 10 a factor of 324?
False
Does 6 divide 1922?
False
Does 3 divide 55?
False
Is 1695 a multiple of 15?
True
Is 1224 a multiple of 72?
True
Does 113 divide 38332?
False
Is 1179 a multiple of 9?
True
Is 69996 a multiple of 48?
False
Is 126 a multiple of 14?
True
Is 183 a factor of 9516?
True
Is 125209 a multiple of 22?
False
Is 1104 a multiple of 69?
True
Is 7799 a multiple of 11?
True
Is 11 a factor of 2337?
False
Is 3 a factor of 553?
False
Does 9 divide 2731?
False
Does 12 divide 737?
False
Is 50 a factor of 7150?
True
Is 10 a factor of 34530?
True
Is 607 a multiple of 3?
False
Does 56 divide 3591?
False
Is 45 a factor of 3073?
False
Is 19 a factor of 17708?
True
Is 26 a factor of 2497?
False
Does 38 divide 487?
False
Is 10296 a multiple of 20?
False
Is 927 a multiple of 13?
False
Does 22 divide 507?
False
Is 3894 a multiple of 66?
True
Does 22 divide 31654?
False
Is 11 a factor of 850?
False
Does 2 divide 6560?
True
Is 16 a factor of 522?
False
Does 14 divide 476?
True
Is 2346 a multiple of 34?
True
Is 3783 a multiple of 43?
False
Is 13601 a multiple of 7?
True
Does 20 divide 300?
True
Is 719 a multiple of 6?
False
Is 3260 a multiple of 20?
True
Is 2119 a multiple of 103?
False
Is 1530 a multiple of 51?
True
Is 624 a multiple of 5?
False
Does 25 divide 10596?
False
Is 3 a factor of 5?
False
Is 12 a factor of 1725?
False
Does 129 divide 4230?
False
Is 28 a factor of 78662?
False
Does 20 divide 1000?
True
Is 11 a factor of 176?
True
Does 13 divide 2106?
True
Does 7 divide 723?
False
Is 4 a factor of 95?
False
Is 49912 a multiple of 15?
False
Does 16 divide 728?
False
Does 7 divide 567?
True
Is 55 a factor of 90597?
False
Is 664 a multiple of 4?
True
Does 19 divide 59?
False
Is 35 a factor of 3041?
False
Is 2691 a multiple of 9?
True
Is 21849 a multiple of 33?
False
Is 67 a factor of 18300?
False
Does 54 divide 5953?
False
Is 18 a factor of 5193?
False
Is 10847 a multiple of 36?
False
Is 33 a factor of 1705?
False
Does 12 divide 12192?
True
Is 20 a factor of 1500?
True
Does 26 divide 33488?
True
Is 9541 a multiple of 47?
True
Does 81 divide 34970?
False
Does 50 divide 67255?
False
Is 12286 a multiple of 70?
False
Is 50 a factor of 17200?
True
Is 17825 a multiple of 31?
True
Is 2307 even?
False
Is 12 a factor of 95119?
False
Is 10 a factor of 1529?
False
Is 26 a factor of 30576?
True
Is 7614 a multiple of 57?
False
Does 4 divide 633?
False
Does 16 divide 6052?
False
Is 37948 a multiple of 61?
False
Is 37 a factor of 370?
True
Is 62 a factor of 930?
True
Is 6 a factor of 1957?
False
Is 4 a factor of 4?
True
Does 16 divide 80800?
True
Does 14 divide 88883?
False
Is 14 a factor of 28?
True
Is 2563 a multiple of 79?
False
Is 5 a factor of 32107?
False
Does 30 divide 621?
False
Does 13 divide 281?
False
Is 3 a factor of 183?
True
Does 33 divide 25511?
False
Does 176 divide 2901?
False
Does 16 divide 16?
True
Does 10 divide 1129?
False
Does 5 divide 47?
False
Is 57261 a multiple of 265?
False
Does 9 divide 94?
False
Does 7 divide 7961?
False
Is 23 a factor of 22218?
True
Is 17 a factor of 238?
True
Is 1728 a multiple of 4?
True
Is 77 a factor of 8393?
True
Is 42 a multiple of 3?
True
Is 12 a factor of 43668?
True
Is 1236 a multiple of 12?
True
Does 7 divide 716?
False
Is 281 a factor of 178392?
False
Does 7 divide 608?
False
Is 2179 a multiple of 6?
False
Is 242 a multiple of 55?
False
Is 356 a factor of 2492?
True
Is 4120 a multiple of 40?
True
Does 6 divide 840?
True
Does 3 divide 170?
False
Does 148 divide 6753?
False
Is 1648 a multiple of 23?
False
Does 44 divide 958?
False
Does 191 divide 36164?
False
Does 25 divide 555?
False
Is 65 a factor of 5785?
True
Is 41 a factor of 84697?
False
Does 31 divide 15101?
False
Is 355 a multiple of 61?
False
Is 58 a factor of 1832?
False
Is 31 a factor of 682?
True
Is 624 a multiple of 8?
True
Does 101 divide 505?
True
Is 17 a factor of 357?
True
Does 15 divide 8213?
False
Does 25 divide 21279?
False
Is 21 a factor of 63?
True
Is 7 a factor of 6496?
True
Does 24 divide 966?
False
Is 4168 a multiple of 3?
False
Does 38 divide 2318?
True
Does 148 divide 3256?
True
Is 26 a factor of 616?
False
Is 6660 a multiple of 20?
True
Is 3150 a multiple of 5?
True
Is 147 a factor of 16592?
False
Is 6 a factor of 252?
True
Does 54 divide 2322?
True
Is 8900 a multiple of 25?
True
Is 102 a factor of 204?
True
Does 179 divide 9666?
True
Is 232 a multiple of 8?
True
Is 33 a factor of 25278?
True
Is 238 a multiple of 3?
False
Does 4 divide 53?
False
Does 10 divide 3076?
False
Is 287 a multiple of 41?
True
Is 43 a factor of 6280?
False
Is 3 a factor of 20?
False
Is 12 a factor of 46472?
False
Does 14 divide 24941?
False
Does 23 divide 4999?
False
Is 49 a factor of 7121?
False
Is 72 a factor of 1090?
False
Is 51928 a multiple of 121?
False
Is 15 a factor of 157463?
False
Is 8 a factor of 1026?
False
Does 20 divide 3447?
False
Is 30 a factor of 540?
True
Is 14 a factor of 1539?
False
Does 160 divide 36000?
True
Is 18 a factor of 4482?
True
Is 18171 a multiple of 278?
False
Does 25 divide 12372?
False
Does 18 divide 349?
False
Is 25228 a multiple of 106?
True
Is 989 a multiple of 43?
True
Is 21 a factor of 19005?
True
Is 590 a multiple of 59?
True
Is 59 a factor of 735?
False
Does 8 divide 2144?
True
Is 17 a factor of 37973?
False
Does 40 divide 2167?
False
Is 12582 a multiple of 233?
True
Does 57 divide 2338?
False
Does 12 divide 1854?
False
Does 51 divide 839?
False
Is 60298 a multiple of 118?
True
Does 8 divide 271?
False
Does 26 divide 1054?
False
Is 6 a factor of 5654?
False
Is 51 a factor of 1479?
True
Is 100 a factor of 2968?
False
Is 67141 a multiple of 14?
False
Does 29 divide 964?
False
Is 11 a factor of 1034?
True
Does 4 divide 1051?
False
Does 37 divide 1387?
False
Does 16 divide 12784?
True
Is 64 a factor of 5184?
True
Does 22 divide 39688?
True
Is 88 a factor of 6282?
False
Is 87 a factor of 2538?
False
Is 220 a multiple of 22?
True
Is 1373 a multiple of 40?
False
Is 2221 a multiple of 42?
False
Is 83 a multiple of 7?
False
Does 9 divide 5385?
False
Is 11991 a multiple of 71?
False
Is 17299 a multiple of 32?
False
Does 9 divide 34812?
True
Does 52 divide 3744?
True
Is 130 a factor of 22657?
False
Does 7 divide 826?
True
Is 20 a factor of 636?
False
Does 5 divide 462?
False
Is 67 a factor of 4325?
False
Is 7 a factor of 66210?
False
Is 648 a multiple of 36?
True
Is 40 a factor of 94440?
True
Is 34 a factor of 60746?
False
Does 119 divide 5712?
True
Does 29 divide 2059?
True
Is